{"id":195,"date":"2023-02-26T21:08:52","date_gmt":"2023-02-26T21:08:52","guid":{"rendered":"https:\/\/www.locaplante.fr\/?page_id=195"},"modified":"2023-06-10T20:45:04","modified_gmt":"2023-06-10T20:45:04","slug":"contact","status":"publish","type":"page","link":"https:\/\/www.locaplante.fr\/?page_id=195","title":{"rendered":"CONTACT"},"content":{"rendered":"\n<p>Pour toute demande de renseignements, n&#8217;h\u00e9sitez pas \u00e0 nous solliciter, nous r\u00e9pondrons dans les meilleurs d\u00e9lais<\/p>\n\n\n<style id=\"wpforms-css-vars-root\">\n\t\t\t\t:root {\n\t\t\t\t\t--wpforms-field-border-radius: 3px;\n--wpforms-field-background-color: #ffffff;\n--wpforms-field-border-color: rgba( 0, 0, 0, 0.25 );\n--wpforms-field-text-color: rgba( 0, 0, 0, 0.7 );\n--wpforms-label-color: rgba( 0, 0, 0, 0.85 );\n--wpforms-label-sublabel-color: rgba( 0, 0, 0, 0.55 );\n--wpforms-label-error-color: #d63637;\n--wpforms-button-border-radius: 3px;\n--wpforms-button-background-color: #066aab;\n--wpforms-button-text-color: #ffffff;\n--wpforms-field-size-input-height: 43px;\n--wpforms-field-size-input-spacing: 15px;\n--wpforms-field-size-font-size: 16px;\n--wpforms-field-size-line-height: 19px;\n--wpforms-field-size-padding-h: 14px;\n--wpforms-field-size-checkbox-size: 16px;\n--wpforms-field-size-sublabel-spacing: 5px;\n--wpforms-field-size-icon-size: 1;\n--wpforms-label-size-font-size: 16px;\n--wpforms-label-size-line-height: 19px;\n--wpforms-label-size-sublabel-font-size: 14px;\n--wpforms-label-size-sublabel-line-height: 17px;\n--wpforms-button-size-font-size: 17px;\n--wpforms-button-size-height: 41px;\n--wpforms-button-size-padding-h: 15px;\n--wpforms-button-size-margin-top: 10px;\n\n\t\t\t\t}\n\t\t\t<\/style><div class=\"wpforms-container wpforms-container-full wpforms-block wpforms-block-5b989523-d5fe-4028-8f90-dcb122d35b3b wpforms-render-modern\" id=\"wpforms-405\"><form id=\"wpforms-form-405\" class=\"wpforms-validate wpforms-form wpforms-ajax-form\" data-formid=\"405\" method=\"post\" enctype=\"multipart\/form-data\" action=\"\/index.php?rest_route=%2Fwp%2Fv2%2Fpages%2F195\" data-token=\"82d9187b794af8cb01a3a469574a534c\"><div class=\"wpforms-head-container\"><div class=\"wpforms-title\">Formulaire<\/div><\/div><noscript class=\"wpforms-error-noscript\">Please enable JavaScript in your browser to complete this form.<\/noscript><div class=\"wpforms-hidden\" id=\"wpforms-error-noscript\">Please enable JavaScript in your browser to complete this form.<\/div><div class=\"wpforms-field-container\"><div id=\"wpforms-405-field_0-container\" class=\"wpforms-field wpforms-field-name\" data-field-id=\"0\"><fieldset><legend class=\"wpforms-field-label\">Nom <span class=\"wpforms-required-label\" aria-hidden=\"true\">*<\/span><\/legend><div class=\"wpforms-field-row wpforms-field-medium\"><div class=\"wpforms-field-row-block wpforms-first wpforms-one-half\"><input type=\"text\" id=\"wpforms-405-field_0\" class=\"wpforms-field-name-first wpforms-field-required\" name=\"wpforms[fields][0][first]\" aria-errormessage=\"wpforms-405-field_0-error\" required><label for=\"wpforms-405-field_0\" class=\"wpforms-field-sublabel after \">First<\/label><\/div><div class=\"wpforms-field-row-block wpforms-one-half\"><input type=\"text\" id=\"wpforms-405-field_0-last\" class=\"wpforms-field-name-last wpforms-field-required\" name=\"wpforms[fields][0][last]\" aria-errormessage=\"wpforms-405-field_0-last-error\" required><label for=\"wpforms-405-field_0-last\" class=\"wpforms-field-sublabel after \">Last<\/label><\/div><\/div><\/fieldset><\/div><div id=\"wpforms-405-field_1-container\" class=\"wpforms-field wpforms-field-email\" data-field-id=\"1\"><label class=\"wpforms-field-label\" for=\"wpforms-405-field_1\">Email <span class=\"wpforms-required-label\" aria-hidden=\"true\">*<\/span><\/label><input type=\"email\" id=\"wpforms-405-field_1\" class=\"wpforms-field-medium wpforms-field-required\" name=\"wpforms[fields][1]\" spellcheck=\"false\" aria-errormessage=\"wpforms-405-field_1-error\" required><\/div><div id=\"wpforms-405-field_2-container\" class=\"wpforms-field wpforms-field-textarea\" data-field-id=\"2\"><label class=\"wpforms-field-label\" for=\"wpforms-405-field_2\">Message<\/label><textarea id=\"wpforms-405-field_2\" class=\"wpforms-field-medium\" name=\"wpforms[fields][2]\" aria-errormessage=\"wpforms-405-field_2-error\" ><\/textarea><\/div><\/div><!-- .wpforms-field-container --><div class=\"wpforms-recaptcha-container wpforms-is-recaptcha\" ><div class=\"g-recaptcha\" data-sitekey=\"6Lc13osmAAAAAFw5an6vi_4z19dxpbXcm0tJHqjV\"><\/div><input type=\"text\" name=\"g-recaptcha-hidden\" class=\"wpforms-recaptcha-hidden\" style=\"position:absolute!important;clip:rect(0,0,0,0)!important;height:1px!important;width:1px!important;border:0!important;overflow:hidden!important;padding:0!important;margin:0!important;\" data-rule-recaptcha=\"1\"><\/div><div class=\"wpforms-submit-container\" ><input type=\"hidden\" name=\"wpforms[id]\" value=\"405\"><input type=\"hidden\" name=\"wpforms[author]\" value=\"1\"><button type=\"submit\" name=\"wpforms[submit]\" id=\"wpforms-submit-405\" class=\"wpforms-submit\" data-alt-text=\"Envoi en cours\" data-submit-text=\"Envoyer\" aria-live=\"assertive\" value=\"wpforms-submit\">Envoyer<\/button><img src=\"https:\/\/www.locaplante.fr\/wp-content\/plugins\/wpforms-lite\/assets\/images\/submit-spin.svg\" class=\"wpforms-submit-spinner\" style=\"display: none;\" width=\"26\" height=\"26\" alt=\"Loading\"><\/div><\/form><\/div>  <!-- .wpforms-container -->","protected":false},"excerpt":{"rendered":"<p>Pour toute demande de renseignements, n&#8217;h\u00e9sitez pas \u00e0 nous solliciter, nous r\u00e9pondrons dans les meilleurs d\u00e9lais<\/p>\n","protected":false},"author":1,"featured_media":298,"parent":0,"menu_order":0,"comment_status":"closed","ping_status":"closed","template":"","meta":{"site-sidebar-layout":"default","site-content-layout":"default","ast-global-header-display":"","ast-main-header-display":"","ast-hfb-above-header-display":"","ast-hfb-below-header-display":"","ast-hfb-mobile-header-display":"","site-post-title":"","ast-breadcrumbs-content":"","ast-featured-img":"","footer-sml-layout":"","theme-transparent-header-meta":"","adv-header-id-meta":"","stick-header-meta":"","header-above-stick-meta":"","header-main-stick-meta":"","header-below-stick-meta":""},"yoast_head":"<!-- This site is optimized with the Yoast SEO plugin v20.8 - https:\/\/yoast.com\/wordpress\/plugins\/seo\/ -->\n<title>CONTACT - LOCAPLANTE<\/title>\n<meta name=\"description\" content=\"Location de plantes pour les salons, mariages, congr\u00e8s sur Rennes, Saint-Malo, Vannes, Saint-Brieuc, Laval, Angers.\" \/>\n<meta name=\"robots\" content=\"index, follow, max-snippet:-1, max-image-preview:large, max-video-preview:-1\" \/>\n<link rel=\"canonical\" href=\"https:\/\/www.locaplante.fr\/?page_id=195\" \/>\n<meta property=\"og:locale\" content=\"en_US\" \/>\n<meta property=\"og:type\" content=\"article\" \/>\n<meta property=\"og:title\" content=\"CONTACT - LOCAPLANTE\" \/>\n<meta property=\"og:description\" content=\"Location de plantes pour les salons, mariages, congr\u00e8s sur Rennes, Saint-Malo, Vannes, Saint-Brieuc, Laval, Angers.\" \/>\n<meta property=\"og:url\" content=\"https:\/\/www.locaplante.fr\/?page_id=195\" \/>\n<meta property=\"og:site_name\" content=\"LOCAPLANTE\" \/>\n<meta property=\"article:modified_time\" content=\"2023-06-10T20:45:04+00:00\" \/>\n<meta property=\"og:image\" content=\"https:\/\/www.locaplante.fr\/wp-content\/uploads\/2023\/02\/cropped-plantes-plantes-pour-tous-1-edited.webp\" \/>\n\t<meta property=\"og:image:width\" content=\"1950\" \/>\n\t<meta property=\"og:image:height\" content=\"1150\" \/>\n\t<meta property=\"og:image:type\" content=\"image\/webp\" \/>\n<meta name=\"twitter:card\" content=\"summary_large_image\" \/>\n<script type=\"application\/ld+json\" class=\"yoast-schema-graph\">{\"@context\":\"https:\/\/schema.org\",\"@graph\":[{\"@type\":\"WebPage\",\"@id\":\"https:\/\/www.locaplante.fr\/?page_id=195\",\"url\":\"https:\/\/www.locaplante.fr\/?page_id=195\",\"name\":\"CONTACT - LOCAPLANTE\",\"isPartOf\":{\"@id\":\"https:\/\/www.locaplante.fr\/#website\"},\"datePublished\":\"2023-02-26T21:08:52+00:00\",\"dateModified\":\"2023-06-10T20:45:04+00:00\",\"description\":\"Location de plantes pour les salons, mariages, congr\u00e8s sur Rennes, Saint-Malo, Vannes, Saint-Brieuc, Laval, Angers.\",\"breadcrumb\":{\"@id\":\"https:\/\/www.locaplante.fr\/?page_id=195#breadcrumb\"},\"inLanguage\":\"en-US\",\"potentialAction\":[{\"@type\":\"ReadAction\",\"target\":[\"https:\/\/www.locaplante.fr\/?page_id=195\"]}]},{\"@type\":\"BreadcrumbList\",\"@id\":\"https:\/\/www.locaplante.fr\/?page_id=195#breadcrumb\",\"itemListElement\":[{\"@type\":\"ListItem\",\"position\":1,\"name\":\"Home\",\"item\":\"https:\/\/www.locaplante.fr\/\"},{\"@type\":\"ListItem\",\"position\":2,\"name\":\"CONTACT\"}]},{\"@type\":\"WebSite\",\"@id\":\"https:\/\/www.locaplante.fr\/#website\",\"url\":\"https:\/\/www.locaplante.fr\/\",\"name\":\"LOCAPLANTE\",\"description\":\"\",\"publisher\":{\"@id\":\"https:\/\/www.locaplante.fr\/#organization\"},\"potentialAction\":[{\"@type\":\"SearchAction\",\"target\":{\"@type\":\"EntryPoint\",\"urlTemplate\":\"https:\/\/www.locaplante.fr\/?s={search_term_string}\"},\"query-input\":\"required name=search_term_string\"}],\"inLanguage\":\"en-US\"},{\"@type\":\"Organization\",\"@id\":\"https:\/\/www.locaplante.fr\/#organization\",\"name\":\"LOCAPLANTE\",\"url\":\"https:\/\/www.locaplante.fr\/\",\"logo\":{\"@type\":\"ImageObject\",\"inLanguage\":\"en-US\",\"@id\":\"https:\/\/www.locaplante.fr\/#\/schema\/logo\/image\/\",\"url\":\"https:\/\/www.locaplante.fr\/wp-content\/uploads\/2023\/06\/cropped-logo-couleur.png\",\"contentUrl\":\"https:\/\/www.locaplante.fr\/wp-content\/uploads\/2023\/06\/cropped-logo-couleur.png\",\"width\":537,\"height\":254,\"caption\":\"LOCAPLANTE\"},\"image\":{\"@id\":\"https:\/\/www.locaplante.fr\/#\/schema\/logo\/image\/\"}}]}<\/script>\n<!-- \/ Yoast SEO plugin. -->","yoast_head_json":{"title":"CONTACT - LOCAPLANTE","description":"Location de plantes pour les salons, mariages, congr\u00e8s sur Rennes, Saint-Malo, Vannes, Saint-Brieuc, Laval, Angers.","robots":{"index":"index","follow":"follow","max-snippet":"max-snippet:-1","max-image-preview":"max-image-preview:large","max-video-preview":"max-video-preview:-1"},"canonical":"https:\/\/www.locaplante.fr\/?page_id=195","og_locale":"en_US","og_type":"article","og_title":"CONTACT - LOCAPLANTE","og_description":"Location de plantes pour les salons, mariages, congr\u00e8s sur Rennes, Saint-Malo, Vannes, Saint-Brieuc, Laval, Angers.","og_url":"https:\/\/www.locaplante.fr\/?page_id=195","og_site_name":"LOCAPLANTE","article_modified_time":"2023-06-10T20:45:04+00:00","og_image":[{"width":1950,"height":1150,"url":"https:\/\/www.locaplante.fr\/wp-content\/uploads\/2023\/02\/cropped-plantes-plantes-pour-tous-1-edited.webp","type":"image\/webp"}],"twitter_card":"summary_large_image","schema":{"@context":"https:\/\/schema.org","@graph":[{"@type":"WebPage","@id":"https:\/\/www.locaplante.fr\/?page_id=195","url":"https:\/\/www.locaplante.fr\/?page_id=195","name":"CONTACT - LOCAPLANTE","isPartOf":{"@id":"https:\/\/www.locaplante.fr\/#website"},"datePublished":"2023-02-26T21:08:52+00:00","dateModified":"2023-06-10T20:45:04+00:00","description":"Location de plantes pour les salons, mariages, congr\u00e8s sur Rennes, Saint-Malo, Vannes, Saint-Brieuc, Laval, Angers.","breadcrumb":{"@id":"https:\/\/www.locaplante.fr\/?page_id=195#breadcrumb"},"inLanguage":"en-US","potentialAction":[{"@type":"ReadAction","target":["https:\/\/www.locaplante.fr\/?page_id=195"]}]},{"@type":"BreadcrumbList","@id":"https:\/\/www.locaplante.fr\/?page_id=195#breadcrumb","itemListElement":[{"@type":"ListItem","position":1,"name":"Home","item":"https:\/\/www.locaplante.fr\/"},{"@type":"ListItem","position":2,"name":"CONTACT"}]},{"@type":"WebSite","@id":"https:\/\/www.locaplante.fr\/#website","url":"https:\/\/www.locaplante.fr\/","name":"LOCAPLANTE","description":"","publisher":{"@id":"https:\/\/www.locaplante.fr\/#organization"},"potentialAction":[{"@type":"SearchAction","target":{"@type":"EntryPoint","urlTemplate":"https:\/\/www.locaplante.fr\/?s={search_term_string}"},"query-input":"required name=search_term_string"}],"inLanguage":"en-US"},{"@type":"Organization","@id":"https:\/\/www.locaplante.fr\/#organization","name":"LOCAPLANTE","url":"https:\/\/www.locaplante.fr\/","logo":{"@type":"ImageObject","inLanguage":"en-US","@id":"https:\/\/www.locaplante.fr\/#\/schema\/logo\/image\/","url":"https:\/\/www.locaplante.fr\/wp-content\/uploads\/2023\/06\/cropped-logo-couleur.png","contentUrl":"https:\/\/www.locaplante.fr\/wp-content\/uploads\/2023\/06\/cropped-logo-couleur.png","width":537,"height":254,"caption":"LOCAPLANTE"},"image":{"@id":"https:\/\/www.locaplante.fr\/#\/schema\/logo\/image\/"}}]}},"_links":{"self":[{"href":"https:\/\/www.locaplante.fr\/index.php?rest_route=\/wp\/v2\/pages\/195"}],"collection":[{"href":"https:\/\/www.locaplante.fr\/index.php?rest_route=\/wp\/v2\/pages"}],"about":[{"href":"https:\/\/www.locaplante.fr\/index.php?rest_route=\/wp\/v2\/types\/page"}],"author":[{"embeddable":true,"href":"https:\/\/www.locaplante.fr\/index.php?rest_route=\/wp\/v2\/users\/1"}],"replies":[{"embeddable":true,"href":"https:\/\/www.locaplante.fr\/index.php?rest_route=%2Fwp%2Fv2%2Fcomments&post=195"}],"version-history":[{"count":8,"href":"https:\/\/www.locaplante.fr\/index.php?rest_route=\/wp\/v2\/pages\/195\/revisions"}],"predecessor-version":[{"id":555,"href":"https:\/\/www.locaplante.fr\/index.php?rest_route=\/wp\/v2\/pages\/195\/revisions\/555"}],"wp:featuredmedia":[{"embeddable":true,"href":"https:\/\/www.locaplante.fr\/index.php?rest_route=\/wp\/v2\/media\/298"}],"wp:attachment":[{"href":"https:\/\/www.locaplante.fr\/index.php?rest_route=%2Fwp%2Fv2%2Fmedia&parent=195"}],"curies":[{"name":"wp","href":"https:\/\/api.w.org\/{rel}","templated":true}]}}