{"id":188,"date":"2023-02-26T21:06:39","date_gmt":"2023-02-26T21:06:39","guid":{"rendered":"https:\/\/www.locaplante.fr\/?page_id=188"},"modified":"2023-06-10T20:47:18","modified_gmt":"2023-06-10T20:47:18","slug":"entretien","status":"publish","type":"page","link":"https:\/\/www.locaplante.fr\/?page_id=188","title":{"rendered":"ENTRETIEN"},"content":{"rendered":"\n<p>Locaplante vous propose un service d\u00e9di\u00e9 \u00e0 l&#8217;entretien de vos plantes d&#8217;int\u00e9rieures. Pour les locaux de votre entreprise ou collectivit\u00e9s, nous sommes pr\u00e9sents pour vous aider \u00e0 am\u00e9nager un espace mais aussi \u00e0 le maintenir. Ce service vous assure la tranquillit\u00e9 et vous permettra d&#8217;en profiter pleinement sans vous pr\u00e9occuper de l&#8217;arrosage et de la taille. <\/p>\n\n\n\n<figure class=\"wp-block-image size-large has-custom-border\"><img decoding=\"async\" loading=\"lazy\" width=\"1024\" height=\"768\" src=\"https:\/\/www.locaplante.fr\/wp-content\/uploads\/2023\/04\/IMG_3516-2-1024x768.jpg\" alt=\"\" class=\"wp-image-459\" style=\"border-radius:30px\" srcset=\"https:\/\/www.locaplante.fr\/wp-content\/uploads\/2023\/04\/IMG_3516-2-1024x768.jpg 1024w, https:\/\/www.locaplante.fr\/wp-content\/uploads\/2023\/04\/IMG_3516-2-300x225.jpg 300w, https:\/\/www.locaplante.fr\/wp-content\/uploads\/2023\/04\/IMG_3516-2-768x576.jpg 768w, https:\/\/www.locaplante.fr\/wp-content\/uploads\/2023\/04\/IMG_3516-2-1536x1152.jpg 1536w, https:\/\/www.locaplante.fr\/wp-content\/uploads\/2023\/04\/IMG_3516-2-2048x1536.jpg 2048w\" sizes=\"(max-width: 1024px) 100vw, 1024px\" \/><\/figure>\n","protected":false},"excerpt":{"rendered":"<p>Locaplante vous propose un service d\u00e9di\u00e9 \u00e0 l&#8217;entretien de vos plantes d&#8217;int\u00e9rieures. Pour les locaux de votre entreprise ou collectivit\u00e9s, nous sommes pr\u00e9sents pour vous aider \u00e0 am\u00e9nager un espace mais aussi \u00e0 le maintenir. Ce service vous assure la tranquillit\u00e9 et vous permettra d&#8217;en profiter pleinement sans vous pr\u00e9occuper de l&#8217;arrosage et de la &hellip;<\/p>\n<p class=\"read-more\"> <a class=\"\" href=\"https:\/\/www.locaplante.fr\/?page_id=188\"> <span class=\"screen-reader-text\">ENTRETIEN<\/span> Read More &raquo;<\/a><\/p>\n","protected":false},"author":1,"featured_media":298,"parent":0,"menu_order":2,"comment_status":"closed","ping_status":"closed","template":"","meta":{"site-sidebar-layout":"default","site-content-layout":"default","ast-global-header-display":"","ast-main-header-display":"","ast-hfb-above-header-display":"","ast-hfb-below-header-display":"","ast-hfb-mobile-header-display":"","site-post-title":"","ast-breadcrumbs-content":"","ast-featured-img":"","footer-sml-layout":"","theme-transparent-header-meta":"","adv-header-id-meta":"","stick-header-meta":"","header-above-stick-meta":"","header-main-stick-meta":"","header-below-stick-meta":""},"yoast_head":"<!-- This site is optimized with the Yoast SEO plugin v20.8 - https:\/\/yoast.com\/wordpress\/plugins\/seo\/ -->\n<title>ENTRETIEN - LOCAPLANTE<\/title>\n<meta name=\"description\" content=\"Location de plantes pour les salons, mariages, congr\u00e8s sur Rennes, Saint-Malo, Vannes, Saint-Brieuc, Laval, Angers.\" \/>\n<meta name=\"robots\" content=\"index, follow, max-snippet:-1, max-image-preview:large, max-video-preview:-1\" \/>\n<link rel=\"canonical\" href=\"https:\/\/www.locaplante.fr\/?page_id=188\" \/>\n<meta property=\"og:locale\" content=\"en_US\" \/>\n<meta property=\"og:type\" content=\"article\" \/>\n<meta property=\"og:title\" content=\"ENTRETIEN - LOCAPLANTE\" \/>\n<meta property=\"og:description\" content=\"Location de plantes pour les salons, mariages, congr\u00e8s sur Rennes, Saint-Malo, Vannes, Saint-Brieuc, Laval, Angers.\" \/>\n<meta property=\"og:url\" content=\"https:\/\/www.locaplante.fr\/?page_id=188\" \/>\n<meta property=\"og:site_name\" content=\"LOCAPLANTE\" \/>\n<meta property=\"article:modified_time\" content=\"2023-06-10T20:47:18+00:00\" \/>\n<meta property=\"og:image\" content=\"https:\/\/www.locaplante.fr\/wp-content\/uploads\/2023\/02\/cropped-plantes-plantes-pour-tous-1-edited.webp\" \/>\n\t<meta property=\"og:image:width\" content=\"1950\" \/>\n\t<meta property=\"og:image:height\" content=\"1150\" \/>\n\t<meta property=\"og:image:type\" content=\"image\/webp\" \/>\n<meta name=\"twitter:card\" content=\"summary_large_image\" \/>\n<script type=\"application\/ld+json\" class=\"yoast-schema-graph\">{\"@context\":\"https:\/\/schema.org\",\"@graph\":[{\"@type\":\"WebPage\",\"@id\":\"https:\/\/www.locaplante.fr\/?page_id=188\",\"url\":\"https:\/\/www.locaplante.fr\/?page_id=188\",\"name\":\"ENTRETIEN - LOCAPLANTE\",\"isPartOf\":{\"@id\":\"https:\/\/www.locaplante.fr\/#website\"},\"datePublished\":\"2023-02-26T21:06:39+00:00\",\"dateModified\":\"2023-06-10T20:47:18+00:00\",\"description\":\"Location de plantes pour les salons, mariages, congr\u00e8s sur Rennes, Saint-Malo, Vannes, Saint-Brieuc, Laval, Angers.\",\"breadcrumb\":{\"@id\":\"https:\/\/www.locaplante.fr\/?page_id=188#breadcrumb\"},\"inLanguage\":\"en-US\",\"potentialAction\":[{\"@type\":\"ReadAction\",\"target\":[\"https:\/\/www.locaplante.fr\/?page_id=188\"]}]},{\"@type\":\"BreadcrumbList\",\"@id\":\"https:\/\/www.locaplante.fr\/?page_id=188#breadcrumb\",\"itemListElement\":[{\"@type\":\"ListItem\",\"position\":1,\"name\":\"Home\",\"item\":\"https:\/\/www.locaplante.fr\/\"},{\"@type\":\"ListItem\",\"position\":2,\"name\":\"ENTRETIEN\"}]},{\"@type\":\"WebSite\",\"@id\":\"https:\/\/www.locaplante.fr\/#website\",\"url\":\"https:\/\/www.locaplante.fr\/\",\"name\":\"LOCAPLANTE\",\"description\":\"\",\"publisher\":{\"@id\":\"https:\/\/www.locaplante.fr\/#organization\"},\"potentialAction\":[{\"@type\":\"SearchAction\",\"target\":{\"@type\":\"EntryPoint\",\"urlTemplate\":\"https:\/\/www.locaplante.fr\/?s={search_term_string}\"},\"query-input\":\"required name=search_term_string\"}],\"inLanguage\":\"en-US\"},{\"@type\":\"Organization\",\"@id\":\"https:\/\/www.locaplante.fr\/#organization\",\"name\":\"LOCAPLANTE\",\"url\":\"https:\/\/www.locaplante.fr\/\",\"logo\":{\"@type\":\"ImageObject\",\"inLanguage\":\"en-US\",\"@id\":\"https:\/\/www.locaplante.fr\/#\/schema\/logo\/image\/\",\"url\":\"https:\/\/www.locaplante.fr\/wp-content\/uploads\/2023\/06\/cropped-logo-couleur.png\",\"contentUrl\":\"https:\/\/www.locaplante.fr\/wp-content\/uploads\/2023\/06\/cropped-logo-couleur.png\",\"width\":537,\"height\":254,\"caption\":\"LOCAPLANTE\"},\"image\":{\"@id\":\"https:\/\/www.locaplante.fr\/#\/schema\/logo\/image\/\"}}]}<\/script>\n<!-- \/ Yoast SEO plugin. -->","yoast_head_json":{"title":"ENTRETIEN - LOCAPLANTE","description":"Location de plantes pour les salons, mariages, congr\u00e8s sur Rennes, Saint-Malo, Vannes, Saint-Brieuc, Laval, Angers.","robots":{"index":"index","follow":"follow","max-snippet":"max-snippet:-1","max-image-preview":"max-image-preview:large","max-video-preview":"max-video-preview:-1"},"canonical":"https:\/\/www.locaplante.fr\/?page_id=188","og_locale":"en_US","og_type":"article","og_title":"ENTRETIEN - LOCAPLANTE","og_description":"Location de plantes pour les salons, mariages, congr\u00e8s sur Rennes, Saint-Malo, Vannes, Saint-Brieuc, Laval, Angers.","og_url":"https:\/\/www.locaplante.fr\/?page_id=188","og_site_name":"LOCAPLANTE","article_modified_time":"2023-06-10T20:47:18+00:00","og_image":[{"width":1950,"height":1150,"url":"https:\/\/www.locaplante.fr\/wp-content\/uploads\/2023\/02\/cropped-plantes-plantes-pour-tous-1-edited.webp","type":"image\/webp"}],"twitter_card":"summary_large_image","schema":{"@context":"https:\/\/schema.org","@graph":[{"@type":"WebPage","@id":"https:\/\/www.locaplante.fr\/?page_id=188","url":"https:\/\/www.locaplante.fr\/?page_id=188","name":"ENTRETIEN - LOCAPLANTE","isPartOf":{"@id":"https:\/\/www.locaplante.fr\/#website"},"datePublished":"2023-02-26T21:06:39+00:00","dateModified":"2023-06-10T20:47:18+00:00","description":"Location de plantes pour les salons, mariages, congr\u00e8s sur Rennes, Saint-Malo, Vannes, Saint-Brieuc, Laval, Angers.","breadcrumb":{"@id":"https:\/\/www.locaplante.fr\/?page_id=188#breadcrumb"},"inLanguage":"en-US","potentialAction":[{"@type":"ReadAction","target":["https:\/\/www.locaplante.fr\/?page_id=188"]}]},{"@type":"BreadcrumbList","@id":"https:\/\/www.locaplante.fr\/?page_id=188#breadcrumb","itemListElement":[{"@type":"ListItem","position":1,"name":"Home","item":"https:\/\/www.locaplante.fr\/"},{"@type":"ListItem","position":2,"name":"ENTRETIEN"}]},{"@type":"WebSite","@id":"https:\/\/www.locaplante.fr\/#website","url":"https:\/\/www.locaplante.fr\/","name":"LOCAPLANTE","description":"","publisher":{"@id":"https:\/\/www.locaplante.fr\/#organization"},"potentialAction":[{"@type":"SearchAction","target":{"@type":"EntryPoint","urlTemplate":"https:\/\/www.locaplante.fr\/?s={search_term_string}"},"query-input":"required name=search_term_string"}],"inLanguage":"en-US"},{"@type":"Organization","@id":"https:\/\/www.locaplante.fr\/#organization","name":"LOCAPLANTE","url":"https:\/\/www.locaplante.fr\/","logo":{"@type":"ImageObject","inLanguage":"en-US","@id":"https:\/\/www.locaplante.fr\/#\/schema\/logo\/image\/","url":"https:\/\/www.locaplante.fr\/wp-content\/uploads\/2023\/06\/cropped-logo-couleur.png","contentUrl":"https:\/\/www.locaplante.fr\/wp-content\/uploads\/2023\/06\/cropped-logo-couleur.png","width":537,"height":254,"caption":"LOCAPLANTE"},"image":{"@id":"https:\/\/www.locaplante.fr\/#\/schema\/logo\/image\/"}}]}},"_links":{"self":[{"href":"https:\/\/www.locaplante.fr\/index.php?rest_route=\/wp\/v2\/pages\/188"}],"collection":[{"href":"https:\/\/www.locaplante.fr\/index.php?rest_route=\/wp\/v2\/pages"}],"about":[{"href":"https:\/\/www.locaplante.fr\/index.php?rest_route=\/wp\/v2\/types\/page"}],"author":[{"embeddable":true,"href":"https:\/\/www.locaplante.fr\/index.php?rest_route=\/wp\/v2\/users\/1"}],"replies":[{"embeddable":true,"href":"https:\/\/www.locaplante.fr\/index.php?rest_route=%2Fwp%2Fv2%2Fcomments&post=188"}],"version-history":[{"count":5,"href":"https:\/\/www.locaplante.fr\/index.php?rest_route=\/wp\/v2\/pages\/188\/revisions"}],"predecessor-version":[{"id":483,"href":"https:\/\/www.locaplante.fr\/index.php?rest_route=\/wp\/v2\/pages\/188\/revisions\/483"}],"wp:featuredmedia":[{"embeddable":true,"href":"https:\/\/www.locaplante.fr\/index.php?rest_route=\/wp\/v2\/media\/298"}],"wp:attachment":[{"href":"https:\/\/www.locaplante.fr\/index.php?rest_route=%2Fwp%2Fv2%2Fmedia&parent=188"}],"curies":[{"name":"wp","href":"https:\/\/api.w.org\/{rel}","templated":true}]}}